-29*b + x*b. What is p(b)?
9
Let l(x) = x**2 - 5*x. Let j(i) = i**2 - 22*i + 82. Let h be j(18). Suppose -14 = -h*v + 26. What is l(v)?
-4
Let b be -2 - (-1 - (2 - -1)). Let p(o) = 2*o**2 + 9*o - 9*o - 2*o + 0*o**2 + 1. Calculate p(b).
5
Let h(s) = -s + 10. Let j be 210/24 - (-9)/(-12). Suppose 5*o - j = 27. Calculate h(o).
3
Let k(y) = -y**3. Let n(z) = -141*z**3 + 7 + 146*z**3 - 4 - z**2 + z. Let g(q) = -6*k(q) - n(q). Calculate g(0).
-3
Let z(o) be the third derivative of o**8/20160 - o**7/2520 + o**6/720 + o**5/30 + o**3/2 + 3*o**2 + 2. Let m(t) be the third derivative of z(t). Determine m(3).
4
Let r = -106 + 151. Suppose -r = 75*f - 70*f. Let t(u) = -u**2 - 10*u - 10. Determine t(f).
-1
Let s(a) = a**3 - 8*a**2 + 30*a - 109. Let w be s(6). Let g(v) be the third derivative of 0 + 0*v - 5*v**2 - 13/60*v**5 - 1/6*v**3 + 0*v**4. Determine g(w).
-14
Let m(t) be the second derivative of -t**5/20 - t**4/3 + t**3/6 - 18*t + 2. Let u be (-4)/(-18) - 1140/270. Give m(u).
-4
Let d(w) = -w**2 + w - 1. Let g(u) = u**3 + u**2 - 3*u - 6. Let m(r) = 6*d(r) + g(r). Let c be 21/35 + 220/50. Give m(c).
3
Let x(j) = -j**3 + j**2 + j. Let c be (-1)/2*4*(3 + -2). Let o be (1 + -5)*c/8. Suppose 5*k - 3*d = 3, -k - d = -0*k + o. Determine x(k).
0
Let r(k) = -2*k + 6. Let z be ((-15)/9)/(8/(-48)). Suppose -12*g - z = -10*g. Let v(j) = j**3 + 4*j**2 - 5*j + 4. Let f be v(g). Calculate r(f).
-2
Let n(p) = -5*p + 2*p**2 + 22*p**2 + p - 3 - 49*p**2 + 22*p**2. Suppose 0 = -f - 5*h + 4 - 3, -h = -1. Calculate n(f).
-35
Let a(s) = -8*s**2 - 2*s - s**3 + 1 - 2 + 5. Suppose l - 11 = 2*n, -5*n - 2*l - 320 = -270. Give a(n).
20
Let c(p) = -85*p + 124. Let b(w) = -22*w + 31. Let s(j) = -15*b(j) + 4*c(j). Determine s(-11).
141
Let j(s) = s**2 - 5*s + 8. Let k(a) = -a**3 - a**2 - 1. Let m be k(-2). Suppose -3*u + 3*v + 5 = v, -m*v - 10 = -5*u. What is j(u)?
8
Suppose 2*p - 3*q + 104 = 0, p + 4*q = 6*p + 246. Let v(z) = z**3 + 46*z**2 + 2*z + 79. Give v(p).
-13
Let d(g) = -40820827*g + 2 + 40820826*g + 6. Suppose 5*j - j - 8 = -y, -y - 5*j = -10. Let c be (-2)/(-4)*y + 11. Determine d(c).
-3
Let m(a) = -27*a**3 - 4*a**2 + 2*a + 5. Let h(i) = -14*i**3 - 2*i**2 + i + 3. Let j(k) = 5*h(k) - 3*m(k). Give j(2).
94
Let r(x) = -18*x - 1. Let z be -16 + 3 - (-1 - -2 - 10). Determine r(z).
71
Let t(a) be the first derivative of a**3/3 + 5*a**2/2 - 5*a + 10. Let r = 29 + -20. Let p = r - 15. Give t(p).
1
Let h(p) be the first derivative of 9*p**2 - 23*p - 9571. Give h(2).
13
Suppose -11*m = 138 - 127. Let n(g) = 8*g - 5. Let y(v) = v - 6 + 5*v + 2*v. Let i(a) = -6*n(a) + 5*y(a). Determine i(m).
8
Suppose 8*b - 5*b + 3*d + 9 = 0, 0 = -3*d + 3. Let t(g) = 14*g - 7. Calculate t(b).
-63
Let l(z) = -199*z + 9. Let w(m) = 33*m - 2. Let a(v) = -l(v) - 6*w(v). Determine a(-3).
0
Let s be (-663)/(-7) + ((-10)/(-7))/5. Suppose -j = y + 23, -4*y + j - s = 4*j. Let g = -23 - y. Let m(w) = -2*w - 1. Determine m(g).
-7
Let q(a) be the second derivative of a**4/12 - 2*a**3/3 + 3*a**2 + 68*a - 3. Let y = 28 + -9. Suppose -3*g - 7 = -4*z, g = -2*z - 2*z + y. Calculate q(z).
6
Let q be 1*-12*(-9)/(-12). Let p(b) = -385*b - 1. Let s(c) = -1926*c - 13. Let m(o) = -5*p(o) + s(o). Determine m(q).
1
Let i(w) = w**2 - 12*w + 10. Let x be i(11). Let a(s) = 9*s - 2. Let z(l) = -26*l + 5. Let j(d) = -11*a(d) - 4*z(d). Determine j(x).
-3
Let a(f) = -3*f - 1. Let l be 12/(-18) - -2*20/6. Let w = l + -1. Suppose -3*b + 8 = -t, -2*t = b - w*b + 8. Give a(b).
-13
Let o(q) = -q**3 - 8*q**2 + 9*q - 1. Let g(l) = -l + 111. Let d(r) = r + 109. Let c(n) = 4*d(n) - 3*g(n). Let j be c(-16). Calculate o(j).
-1
Let x(i) be the second derivative of -i**5/20 - i**4/3 - 2*i**3/3 - i**2 - 3*i. Suppose 22 = -9*m - 2 - 3. Calculate x(m).
1
Let d(p) be the first derivative of p**5/20 + p**4/12 + 43*p**2/2 + 85*p + 32. Let a(k) be the first derivative of d(k). Calculate a(0).
43
Let k(f) be the third derivative of f**6/120 + f**5/20 + f**4/24 - f**3/3 + 1008*f**2. Determine k(0).
-2
Let f(x) be the third derivative of 95*x**2 + 1/3*x**3 + 0 - 1/24*x**4 - 1/120*x**6 + 0*x + 0*x**5. What is f(-3)?
32
Let c(u) = -u**2 + u + 5. Let i(t) = t**3 - 40*t**2 + 37*t + 84. Let x be i(39). Suppose 94*q - 96*q = -x. What is c(q)?
-1
Let p = 186 - 190. Let k = -4 - p. Let z(l) = -5 - l - 5 + 3. Determine z(k).
-7
Let r(q) = q**2 + 10*q + 24. Suppose 131*z - 123 = 24*z - 765. Calculate r(z).
0
Let a(r) be the third derivative of 11/24*r**4 - 5/3*r**3 - r**2 + 0*r + 1/60*r**5 + 84. What is a(-12)?
2
Let t(c) = c**3 + c**2 - 2*c - 1. Let f(i) = 3*i - 10. Let l(d) = 3*d - 18. Let q be l(7). Let x be f(q). Calculate t(x).
1
Let u(q) = -q - 10. Let h = -294 + 98. Let v = 184 + h. Calculate u(v).
2
Suppose -2*o - 7 = -3*o. Let f(q) = -3*q**3 + q**2 - 1. Let m(r) = -10*r**3 + 4*r**2 - r - 3. Let a(h) = o*f(h) - 2*m(h). Give a(2).
-9
Let y(u) = -20*u + 2. Let w(l) = -17*l + 16*l + 8*l - 1. Let s(x) = -17*w(x) - 6*y(x). Let t be s(-4). Let n(p) = 2*p - 1. Determine n(t).
1
Let n(s) = 3 - 28*s**2 + 32*s**2 + s + 2*s + s**2. Calculate n(-2).
17
Let m(p) = -5*p**2 + p. Let k(b) = b**2 + 7*b + 3. Let g be k(-4). Let i be (-573)/12 + g/(-12). Let a = i - -48. What is m(a)?
-4
Suppose -8 = -2*q - s, 3*s - 7*s = 5*q - 17. Let z(c) = 187 + c**3 + c**2 - 9*c - 6*c**2 - 175 + c**2. What is z(q)?
-8
Let o(b) = b**3 + 16*b**2 + 18*b - 136. Let i be 2961/2115*(1 + -11). Calculate o(i).
4
Let r(u) = -u + 2. Let p(b) = b - 28. Let q be p(11). Let d be 0 + 5 - (-17)/q. Let n be 3 - (-7 + d)/(-3). Give r(n).
0
Let m(h) = -20*h + 3 - 2*h**2 - 4*h + 0 - 2 + 4*h**3 + 22*h. Suppose f - 5*i = 27, 2*i - 4*i - 16 = -3*f. Give m(f).
21
Let k(s) = 3*s**2 - s - 15. Let w(x) = -38*x**2 + 20*x + 198. Let v(f) = -39*k(f) - 3*w(f). Calculate v(-6).
9
Let c(b) = b**2 - 3*b - 1. Suppose -3*r = 5*k + 27, 17 = -3*k + 3*r - 4. Suppose z + 16 = 3*f, -2*f + 11 + 4 = -5*z. Let n be (4/f)/(k/15). Calculate c(n).
9
Let p(t) = 17*t**2 + 2*t + 3*t**3 - 10*t**3 + 21 - 6*t**2 + 8*t**3. Let s be p(-11). Let q(z) = 28*z**2 - 1. Determine q(s).
27
Let o(p) = 739*p + 13 - 369*p - 365*p - p**2 - 20 + 14. Let i(l) = l + 6. Let x be i(0). Determine o(x).
1
Let d(c) = c**3 - 7*c**2 + 2*c + 49. Let k be d(5). Let f(s) = 2*s**2 - 16*s + 9. Determine f(k).
27
Let d(q) = -q**2 - q + 3. Let k(i) = -i**2 + 99*i + 1710. Let z be k(114). Give d(z).
3
Let y(d) = -d**2 - d + 5. Let n be y(-4). Let r(l) be the first derivative of -l**4/4 - 8*l**3/3 - 3*l**2 + 3*l - 162. What is r(n)?
-4
Let p(o) = o**2 - 5*o + 4. Suppose 5*x = t + 103, 3*x - 45 = -5*t - 0*t. Let g = 31 - x. Suppose -g = 5*r - 36. Determine p(r).
4
Suppose 3 = c - 8. Let h(g) be the third derivative of -g**5/60 + 3*g**4/8 + 7*g**3/2 - 37*g**2 - g + 9. Give h(c).
-1
Let j(d) = -d**2 + 5*d + 4. Let m(t) be the third derivative of -t**5/30 + 5*t**4/12 + 4*t**3/3 - 4*t**2 + 22*t. Let x(a) = -5*j(a) + 3*m(a). What is x(6)?
-2
Let f(j) be the second derivative of j**5/20 - j**4/2 - j**3/2 - 3*j**2 + j. Let u = 2740 + -2733. Determine f(u).
22
Let u(w) = -2*w**3 + 4*w**2 - w - 2. Let c be (-1)/7 - ((-804)/42 + 5). Suppose 32*i + c = 39*i. Determine u(i).
-4
Let q(x) = x**2 - 9*x - 4. Suppose k + 2*f - 3 = 0, -3*k - 40*f + 63 = -43*f. Determine q(k).
86
Let l(i) be the second derivative of i**5/20 - i**4/3 + i**3/2 - 2*i + 109. Determine l(2).
-2
Let c(q) = 5*q**2 + 2*q - 5*q**3 + 4*q**3 + 7*q - 5. Let j(t) = 9*t - 15. Let b be j(6). Let l = b - 33. Give c(l).
13
Let y(o) = -o**2 + 9*o + 11. Suppose -4*h + 364 = 3*v, v - 12*h - 122 = -13*h. Let w = v + -113. Calculate y(w).
-11
Let o(z) be the third derivative of -3*z**4/8 + 178*z**3/3 - 131*z**2 - 4*z - 1. Determine o(40).
-4
Suppose -5*d + 1 = 6. Let s(j) be the first derivative of -9*j**2/2 + 48*j + 172. Let v(g) = -8. Let k(p) = -s(p) - 6*v(p). Give k(d).
-9
Let x(m) = 23*m**2 - 17*m - 151. Let v(b) = 14*b**2 - 11*b - 90. Let s(p) = 13*v(p) - 8*x(p). Determine s(4).
-22
Let i(k) be the second derivative of k**5/10 + 13*k**4/12 - k**3/2 + 7*k**2/2 - 3*k - 216. Give i(-7).
-21
Let y(d) = -7*d**3 - 85*d**2 - 65*d + 171. Let k(c) = 2*c**3 + 25*c**2 + 16*c - 43. Let v(a) = 11*k(a) + 3*y(a). What is v(-21)?
-2
Let g(m) = -2*m**2 - 179*m + 2995. Let l be g(-104). Let x(y) = -2*y - 70. Calculate x(l).
-28
Let h(